ase 2, what is -110 + 1110001010000010100100010100?
1110001010000010100100001110
In base 5, what is 204114040214 + -2?
204114040212
In base 10, what is 1575649 - -14?
1575663
In base 16, what is -92 + -40dc2?
-40e54
In base 3, what is -11 + -121110002122221?
-121110002200002
In base 4, what is 2 + -20130023223230?
-20130023223222
In base 8, what is 3 + 202122526?
202122531
In base 11, what is 16826a + 1?
168270
In base 9, what is 3 + 117767104?
117767107
In base 7, what is -40140545 + 4?
-40140541
In base 3, what is 10 - 1202000012020?
-1202000012010
In base 9, what is 47 + 40655?
40713
In base 2, what is 10 - 11110011101010100001011?
-11110011101010100001001
In base 13, what is -9 - -280511b?
2805112
In base 9, what is 60216 + -1628?
57477
In base 9, what is -11 - 4412273?
-4412284
In base 7, what is 6664 + 2312554?
2322551
In base 7, what is 1134450064 + -2?
1134450062
In base 13, what is -9a1 + -c39?
-190a
In base 7, what is -2655 - -13034361?
13031403
In base 6, what is -544 + -14554503?
-14555451
In base 13, what is 23a - 1a0b6?
-19b79
In base 15, what is 11 + -19db98?
-19db87
In base 3, what is 220 - 21001211110022?
-21001211102102
In base 2, what is 101001100000101111 - 100000101?
101001011100101010
In base 8, what is -11 + 1447356?
1447345
In base 14, what is -30272 - -1?
-30271
In base 12, what is -2 + -18abab4?
-18abab6
In base 14, what is 55d - 64b76?
-64617
In base 4, what is -11 - 131020231302?
-131020231313
In base 9, what is -7677886 + 6?
-7677880
In base 12, what is 20 + 30625?
30645
In base 7, what is 2 - -150460521?
150460523
In base 13, what is -5 - 284450?
-284455
In base 15, what is 3e7 - -38028?
38420
In base 4, what is -100031332311002 - 0?
-100031332311002
In base 10, what is 324103 + -11?
324092
In base 6, what is 401555 + 10?
402005
In base 6, what is 2531201 + 205?
2531410
In base 4, what is -1000 - -110013322?
110012322
In base 4, what is 11101032 + 1202?
11102300
In base 10, what is 8726089 + 3?
8726092
In base 6, what is -3212214 - 1250?
-3213504
In base 16, what is -139d + 31ce?
1e31
In base 2, what is 10011000000010100110100 - 1?
10011000000010100110011
In base 2, what is 10001001101010110000 + -10010101001?
10001001011000000111
In base 3, what is -1002020 - -111010020220?
111002011200
In base 14, what is 33d0 + -76a?
2a64
In base 13, what is -2109c9 - 186?
-210b82
In base 4, what is 1103312 - -1020231?
2130203
In base 4, what is -101222 + 3203201?
3101313
In base 11, what is 3a1635 + -29?
3a1607
In base 6, what is 15422013 - -10?
15422023
In base 16, what is 6 - -92f2d?
92f33
In base 15, what is -5 + -52ac32c?
-52ac332
In base 16, what is -3 - 101a9035?
-101a9038
In base 10, what is -116847 - -130?
-116717
In base 7, what is -204240 - 122?
-204362
In base 8, what is 340 - 1374155?
-1373615
In base 16, what is 9a14a + 2?
9a14c
In base 16, what is 4653d + 257?
46794
In base 9, what is -5 - -214460833?
214460827
In base 13, what is -1ac730b - -6?
-1ac7305
In base 12, what is a7a42 + -26a?
a7794
In base 5, what is -10 - -201421204012?
201421204002
In base 15, what is 55 - -507e86?
507edb
In base 7, what is 1312131 + 661?
1313122
In base 12, what is -2 + -2729779?
-272977b
In base 12, what is -4a557993 + -3?
-4a557996
In base 10, what is -3997493 + -9?
-3997502
In base 5, what is 2311 - -12223?
20034
In base 3, what is -11011022211022100 + 10?
-11011022211022020
In base 13, what is -10b24 - 126?
-10c4a
In base 9, what is -6223 - -864?
-5248
In base 12, what is -1 - -19204700?
192046bb
In base 13, what is 9 - -950b76c?
950b778
In base 14, what is b - 35c486?
-35c479
In base 7, what is -5 - 116265202?
-116265210
In base 10, what is -4 - 2908817?
-2908821
In base 5, what is -41433210 - 3230?
-41441440
In base 8, what is -3 - 6530147?
-6530152
In base 9, what is 3 - -13545772?
13545775
In base 3, what is -11 + -1011220021011102?
-1011220021011120
In base 13, what is 325c95 + 0?
325c95
In base 9, what is 2120810 + 22?
2120832
In base 9, what is 1485 + -115165?
-113570
In base 5, what is -102 - 3343042222?
-3343042324
In base 7, what is 33235 + -121?
33114
In base 7, what is -135602 - 35?
-135640
In base 8, what is 6 + -1326474330?
-1326474322
In base 13, what is 29 + -31093?
-31067
In base 11, what is 1 - -2034080?
2034081
In base 10, what is -9924291 - -4?
-9924287
In base 2, what is 1110110 - -100110011010010100111?
100110011010100011101
In base 3, what is 11010 + 10021021100?
10021102110
In base 15, what is 2adbd - -100?
2aebd
In base 11, what is -13613 + -169?
-13781
In base 9, what is 4 - 371721003?
-371720888
In base 4, what is 312233023200 - -202?
312233030002
In base 7, what is -3 + 623440354?
623440351
In base 13, what is 28 - 2b37b?
-2b353
In base 11, what is -542 + -1aa?
-741
In base 6, what is 400 - -42152440?
42153240
In base 8, what is -67764 - -1023?
-66741
In base 7, what is -116252460 + 4?
-116252453
In base 5, what is -33030303 - -2322?
-33022431
In base 12, what is 111b - -10a6b?
11b8a
In base 15, what is -2 - -dc42?
dc40
In base 15, what is -2dedd - -d91?
-2d14c
In base 11, what is 794424 - -1a?
794443
In base 13, what is 19 + -159b819?
-159b800
In base 13, what is -c33aa1 + 3?
-c33a9b
In base 8, what is 6114 + -40472?
-32356
In base 5, what is 1333 + -41130241?
-41123403
In base 6, what is 233325 - -2144?
235513
In base 13, what is 64b9 + -21?
6498
In base 3, what is 11 + -10021120122000?
-10021120121212
In base 14, what is -4d504b2 - 9?
-4d504bb
In base 2, what is 1100010000001010101001010 - -10111?
1100010000001010101100001
In base 8, what is 50532 - -3543?
54275
In base 3, what is -1112220212021212 + -200?
-1112220212022112
In base 5, what is 10 + 31003322224?
31003322234
In base 11, what is -236571 - -7?
-236565
In base 4, what is -121330211023 - -11?
-121330211012
In base 15, what is -104 - -1235?
1131
In base 3, what is 2011221 - 102210021?
-100121100
In base 2, what is -1011001010101001 - -1?
-1011001010101000
In base 2, what is -1011011110010000100110 - -10111?
-1011011110010000001111
In base 10, what is -5 + 229883?
229878
In base 15, what is 7e + -817ad?
-8172e
In base 5, what is 0 - -1343032113?
1343032113
In base 15, what is 93a6 - -20d?
95b4
In base 15, what is -9ac + -b2e9?
-bca6
In base 10, what is 1150 + 22667?
23817
In base 5, what is -10 + -2422200032?
-2422200042
In base 7, what is -640 + 1236213?
1235243
In base 15, what is -33b2c - 85?
-33bb2
In base 9, what is 5 - 468620353?
-468620347
In base 10, what is 1366 - 1000787?
-999421
In base 4, what is -12 - -113133100032?
113133100020
In base 2, what is 1010010110001101 + 111010011?
1010011101100000
In base 12, what is 15 + 144b421?
144b436
In base 2, what is 11000101001011010 + -10101001101?
11000010100001101
In base 2, what is 101 - 100001011111111110010000?
-100001011111111110001011
In base 11, what is -314 - -2a99?
2785
In base 5, what is 3113002013 + 110?
3113002123
In base 4, what is 32123 - -12010103?
12102232
In base 6, what is 102501412 + 23?
102501435
In base 5, what is -213213020 - -1?
-213213014
In base 11, what is -186031a - -46?
-1860284
In base 11, what is -6 - -27820?
27815
In base 3, what is -201220212 - -2020202?
-122200010
In base 11, what is 4 - 1630906?
-1630902
In base 2, what is 1100110000010001001101101 - 10?
1100110000010001001101011
In base 6, what is 2015 + 34354?
40413
In base 10, what is 81917069 + 4?
81917073
In base 11, what is 841 + -a6770?
-a5a2a
In base 9, what is 7 + -576266?
-576258
In base 4, what is 3002223000 + 333?
3002223333
In base 8, what is 15252 + -46715?
-31443
In base 13, what is 25 - 1c19?
-1bc4
In base 8, what is 575002 + -5042?
567740
In base 2, what is 1001000001 + 101000100101?
110001100110
In base 15, what is -21b07401 + 3?
-21b073ed
In base 16, what is 1428a9a - -3?
1428a9d
In base 8, what is -474 - 5306?
-6002
In base 8, what is 1155215144 - -3?
1155215147
In base 12, what is 9a15 + -30840?
-22a27
In base 9, what is 5 - -44878186?
44878202
In base 16, what is 7c + 8e840?
8e8bc
In base 11, what is -3 + 3267833?
3267830
In base 8, what is 123513472 + -6?
123513464
In base 4, what is 1100120312112 - 3?
1100120312103
In base 15, what is -57db - 3d4?
-5bc0
In base 3, what is -20100000001200201 - 10?
-20100000001200211
In base 15, what is 99b - 1cb?
7c0
In base 6, what is -405021